j and f.
6
Suppose -10*j - 378 = -11*j. Suppose 13*f - j = 298. Calculate the greatest common divisor of 104 and f.
52
Let c(x) = 2*x**2 - 71*x + 97. Let i be c(-29). What is the highest common factor of 606 and i?
202
Suppose r - 43 = 3*z, 4*z + 109 = 3*r + 5. Let u be -2 + 1 - 9*112/(-126). What is the highest common divisor of u and r?
7
Let i = 12942 + -12928. Suppose 0 = b - 4*b + 210. Calculate the greatest common factor of i and b.
14
Let q = -4482 + 4757. What is the greatest common factor of q and 55?
55
Let m be (15/6)/5*34. Suppose 2*u - 37 = k, -m = 4*k - 37. Let j(z) = -7*z**3 + z**2 + 4*z + 3. Let f be j(-3). What is the greatest common divisor of f and u?
21
Let x = 4 + 4. Suppose 0 = 5*v + 2*j + j - 400, -4*v - 2*j + 322 = 0. Let h = 53 + v. Calculate the greatest common factor of h and x.
8
Suppose -5*w = -0*w - 15. Suppose -4*u + 3 = 5*k, -k - 7 = -0*u - w*u. Suppose u*o = 4*o - 10. Calculate the highest common divisor of o and 20.
5
Let o = 2171 + -2083. Let t be 0/15 - (-66 - 0). Calculate the greatest common factor of o and t.
22
Let o be 6 - (18/6 - 2). Suppose 1050 = 4*x - o*c, -2*x - 4*c = -216 - 322. What is the greatest common divisor of 5 and x?
5
Let q(z) = -761*z + 6970. Let a be q(8). Calculate the greatest common divisor of 22638 and a.
294
Suppose -9*t = -189*t + 2047320. What is the greatest common divisor of t and 242?
242
Let m(g) = -36*g - 48. Let w be m(-2). Suppose -1960 = -4*t - w*t. What is the highest common factor of t and 175?
35
Suppose -2306 = -36*c + 826. Calculate the highest common factor of c and 8439.
87
Suppose -5*c = u - 13, -4*c + 3*u + 4 = -14. Suppose -c*v = v - 572. Calculate the highest common divisor of 13 and v.
13
Let c = 250 + -249. Let g be (c - (-17)/(-5))/((-36)/840). Let v be (-39 - -4)*(-56)/5. What is the greatest common divisor of v and g?
56
Suppose 0 = -3*r + 3, -3788 + 119 = 4*c + 3*r. Let l = -874 - c. Suppose 2*h + 34 = a, 2*a - 6*a + 181 = h. Calculate the highest common divisor of a and l.
44
Let u = -244 + 233. Let g(m) = -6*m - 35. Let c be g(u). Calculate the highest common factor of 1 and c.
1
Let y(c) = -c**3 - 9*c**2 - 12*c - 6. Let t be (40/(-25))/((-3)/45*-3). Let g be y(t). Suppose -2*r + g = 10. What is the greatest common divisor of r and 8?
8
Suppose 0 = 3*m + 24, 2*s - 17*m + 20*m - 9756 = 0. Calculate the highest common factor of 50 and s.
10
Let i = -14355 - -14363. What is the greatest common divisor of 4328 and i?
8
Suppose 107*n + 115 = 110*n + 4*o, -5*n = 3*o - 199. What is the highest common factor of n and 2993?
41
Suppose -4*s - 73 = -5*c, 2*s = 5*c - 16551 + 16452. Suppose 4*z + t = 2*t + 9, -2*t = 5*z + 5. Calculate the greatest common divisor of z and c.
1
Let g(q) = q**3 - 8*q**2 + 4. Suppose 8 = -2*t + 3*y, -3*y + 16 = -4*t + 2*y. Let z = 4 - t. Let o be g(z). What is the greatest common divisor of o and 2?
2
Suppose 3*t + 195*d - 193*d - 346 = 0, -4*t + 463 = d. Calculate the highest common divisor of t and 5104.
116
Suppose 0 = -2*y - 4*k + 70, 0 = 2*y - 3*k - 63 + 7. What is the greatest common divisor of y and 3627?
31
Let g(a) = 3*a**2 + 8*a + 4. Let y be g(4). Let j = y - 16. Let i = j - 32. What is the highest common divisor of 9 and i?
9
Let j be (-4 + 2 - -1) + 1*16. Suppose -11*i + 5*i + 46 = -296. Calculate the highest common divisor of j and i.
3
Let b = 5650 - 2500. Calculate the highest common divisor of 882 and b.
126
Suppose -9*s - 14*s + 18180 = -21*s. What is the greatest common factor of 90 and s?
90
Suppose -5*k + 7056 = 5*a - 13184, 5*k - 5*a - 20260 = 0. Suppose 0*v + 9*v - k = 0. What is the greatest common divisor of v and 50?
50
Let x = -472 + 526. Suppose 2*v = -4*u + 160, -4*u + 3*u + x = -3*v. What is the highest common divisor of u and 294?
42
Suppose 53*p = 54*p - 3*q - 2631, -3*p = 2*q - 7805. What is the highest common factor of 553 and p?
79
Suppose 80*c + r + 326 = 82*c, -3*c = 2*r - 468. What is the greatest common factor of c and 10?
10
Let n be 76*2*4/16. Let g = -301 - -166. Let y be (-18)/g + 2848/15. What is the greatest common factor of n and y?
38
Suppose 38 = k - 4*t, 36 = 3*k - 3*t - 87. Let h = 100 - 72. Suppose a = 5*b - b - k, 3*b + a = h. Calculate the highest common divisor of 70 and b.
10
Suppose 0 = 4*o - 3*f - 2358, -4*o - 25*f = -21*f - 2344. What is the highest common divisor of o and 18?
6
Suppose 136*h + 13482 - 42858 = 0. Suppose 0 = -4*o + 2*u + 38, u - 13 + 0 = -2*o. What is the highest common factor of o and h?
8
Suppose 2*a + 3 = -4*j + 9, 5*j - 4*a = -25. Let w(i) = 6*i + 3. Let k be w(j). Let p be (-263)/(-6) + k/(-18). What is the highest common divisor of p and 66?
22
Let j(o) = 12*o - 29. Let a be j(4). Suppose a*d = 17*d + 50. What is the greatest common factor of 275 and d?
25
Suppose 2*v = -8, 2*y + 1 = -v + 153. What is the highest common divisor of y and 7059?
39
Let z = 393 - 377. Suppose z = 2*v + 4*t, -19 = -3*v + 2*t - 3*t. What is the greatest common divisor of v and 210?
6
Let a be (-1)/3 - 34/(-3). Let b(o) = -3*o + 96. Let p be b(26). Let m = a + p. What is the highest common divisor of 58 and m?
29
Suppose -2*l + 184 = 2*l. Let q(v) = v - 90. Let k be q(15). Let n = 155 - k. What is the highest common divisor of l and n?
46
Let g(f) = 2*f**3 + 23*f**2 - 13*f - 1. Let u be g(-12). Suppose q - 12 = -u*q. What is the highest common divisor of 32 and q?
1
Let x = -16355 + 16373. Calculate the highest common divisor of x and 123.
3
Suppose -2*d - 23 = 5*g, 2*g = 3*d - 2*d + 7. Let b be (0 - 25)*(1 + 6 + d). Calculate the highest common divisor of 650 and b.
50
Let v be (-5 - -7)/2*12. Suppose 0 = 10*w - 38 - v. Let c(i) = 8*i**3 - i**2 - 3*i + 1. Let z be c(2). Calculate the greatest common divisor of w and z.
5
Suppose 2*z + 8 = 0, -4*a - z + 4 = -0. Let w be (3 - 7/3)/(a/369). Let d be (-3)/(18/w)*-2. What is the greatest common factor of 41 and d?
41
Suppose 2*z = -x + 18, -5*x - 2*z + 84 + 14 = 0. Suppose 3*s - x = -80. Let t be ((-234)/15)/(6/s). What is the highest common divisor of 208 and t?
52
Let n(t) = -t**3 + 9*t**2 - t + 5. Let y be n(4). Let r = -6453 - -6471. Calculate the greatest common factor of y and r.
9
Let y(t) = -245*t + 6515. Let k be y(10). What is the greatest common factor of 15 and k?
15
Let r(o) = -21*o. Let x be r(-3). Suppose 5*f + 2*a = 105, 0*a - 5*a + x = 2*f. Suppose w = f + 5. What is the greatest common divisor of w and 24?
24
Suppose -4*y + 6*y = -f, 4*y = -4*f. Suppose y = 9*t - 3*t - 1872. Calculate the greatest common factor of 39 and t.
39
Let r be 4/(-14) + (-478)/(-7). Let t(i) = -23*i**2 - 707*i - 854. Let d be t(-29). What is the highest common factor of r and d?
34
Suppose -2*i + 2295 = -3*p, -3*p + 14 + 1093 = i. Calculate the highest common divisor of 105 and i.
21
Suppose 2*m = -65 + 151. Suppose -138 - 77 = -t. Calculate the highest common divisor of m and t.
43
Suppose 4227*n + 546 = 4233*n. What is the highest common factor of n and 962?
13
Suppose 14*l = 17093 - 6229. What is the highest common factor of 40 and l?
8
Let o(r) = 1 - 28*r + 15*r + 17*r + 3*r**2. Suppose v = -5 - 0. Let k be o(v). What is the highest common divisor of 8 and k?
8
Let u = 209 - 213. Let o(c) = 2*c**3 + 10*c**2 + 5*c + 1. Let s be o(u). Calculate the highest common factor of s and 208.
13
Suppose -4*x = -9*x + 1045. Let p = -45 - -144. Suppose -9*a + 6*a - 6 = 0, 5*g = 2*a + p. What is the highest common factor of g and x?
19
Let o(k) = 18*k + 96. Let x be o(16). What is the greatest common divisor of x and 128?
128
Suppose -370*g + 343*g + 63 = -126. Calculate the highest common factor of 17801 and g.
7
Let s = 27507 + -26017. Calculate the highest common factor of s and 20.
10
Let o = 51 - -27. Let h(z) = -10*z + 24. Let x be h(-8). Suppose -x = -53*a + 49*a. What is the highest common factor of o and a?
26
Suppose -45*j - 2*p - 56911 = -50*j, -9*j + 102458 = -p. What is the greatest common factor of 33 and j?
33
Suppose 0 = -137*m + 14532 - 5079. Calculate the greatest common factor of m and 423.
3
Suppose 15 = 3*w + 14*r - 13*r, 0 = 3*w - 5*r + 3. Suppose -4*l = -2*c + 80, 14*c - 9*c - 170 = w*l. What is the greatest common divisor of 165 and c?
15
Let o(l) = 21*l**2 + 58*l + 289. Let m be o(-7). Calculate the highest common factor